 779*i - 976, -904 = -4*y - 5*i. Calculate the highest common divisor of y and 3835.
59
Let f = -14158 - -14214. What is the highest common factor of 3416 and f?
56
Suppose -2*f + 63 = -141*c + 138*c, -4*c = 20. Let i be (273/63)/((-1)/(-36)). What is the greatest common divisor of f and i?
12
Let n = -61 - -66. Suppose 0 = n*x - 13*x + 800. Suppose 6*s = x + 44. Calculate the highest common divisor of s and 8.
8
Let h = 447 - 432. Let i be (-4)/6 + ((-4970)/h)/(-2). What is the greatest common divisor of i and 66?
33
Suppose 0 = -34*z + 519 - 43. What is the highest common factor of z and 2422?
14
Let y(a) = a**2 - 26*a - 50. Let t be y(28). Suppose -5*x - 3*g + 490 = g, 0 = -3*x - 4*g + 286. What is the highest common factor of t and x?
6
Suppose 5*b - 3 = 5*q + 2, 2*b + 3 = -3*q. Let z(o) = o**2 + 5*o + 28. Let k be z(b). Calculate the highest common factor of k and 406.
14
Let b(d) = 20*d**2 - 254*d - 510. Let y be b(-2). Calculate the highest common factor of y and 30.
6
Let h = 75586 + -75572. Suppose 0 = -x, 2*t = 2*x + x + 896. Calculate the greatest common factor of h and t.
14
Suppose 4*t = -5*p + 1079, -5*p = 4*t - 2*t - 1077. Suppose 4*f = 2*l + 344, 84*l = 87*l. Calculate the highest common divisor of f and p.
43
Let l = 104 + -104. Let u = l + 112. Let k(t) = 2*t**2 - t - 1. Let o be k(3). What is the highest common factor of o and u?
14
Let t = 3998 + -3662. What is the greatest common divisor of 399 and t?
21
Suppose 5*g + 54*m - 57*m - 7298 = 0, -5836 = -4*g + 2*m. Calculate the highest common divisor of g and 2.
2
Let p = -54 + 71. Let f(i) = i**2 - 18*i + 33. Let j be f(p). What is the highest common factor of j and 192?
16
Let g be (-253)/(-69) + ((-4)/(-6))/2. Let q = -4 + 22. Let i = q + -6. What is the highest common divisor of i and g?
4
Suppose 0 = 15*z - 73 - 13307. Suppose -z = -2*y - 38. What is the highest common divisor of y and 183?
61
Let o(i) = -8*i**2 + 98*i - 258. Let v be o(7). Let z = 336 - -132. Calculate the greatest common factor of v and z.
36
Suppose 3*p - 374 = -4*f, 0 = 4*p - 7*p + 6. Let b = 115 - f. What is the greatest common divisor of 23 and b?
23
Suppose -262 = -5*h + 2*x, -2*x + 50 = -6*h + 7*h. What is the greatest common factor of h and 143?
13
Suppose 2117*u - 17095 = 2112*u. Calculate the highest common divisor of u and 1052.
263
Let t be 50 + 21 + 8/(-1). Suppose 2*u - u - 1 = -3*a, 3*u = -5*a - 17. Let o be (-105)/u + (-3)/6. What is the highest common factor of t and o?
7
Let h(b) = 4*b**2 - b - 3. Let q be h(3). Let y be (-22052)/(-447) - -2*6/18. What is the highest common divisor of y and q?
10
Suppose 0 = -4*d - 0*g - 3*g + 42, 0 = 2*d + 5*g - 28. Suppose -351 = 5*t - 18*t. Calculate the greatest common divisor of t and d.
9
Let c be (-6)/6 + (3 + 4)*543. Calculate the greatest common factor of 304 and c.
152
Suppose -165 = 3*g - 813. Let z be -2*(-2)/(-1)*(-17 + 75/5). What is the greatest common divisor of z and g?
8
Suppose 32*j - 27*j = -2*c + 1532, 620 = 2*j + 8*c. Calculate the greatest common divisor of 954 and j.
18
Let k = -430 - -435. Suppose -k*j + 883 = 3*p - j, 0 = -p + 3*j + 316. What is the greatest common divisor of 43 and p?
43
Suppose -3*b + 4 = -2*r - 0, 4*b = 5*r + 10. Suppose b = 3*l - 42 - 51. Suppose 0 = 6*v + 176 - 734. Calculate the highest common divisor of v and l.
31
Let s be (9/18 - 1521/(-30)) + 2/(-10). What is the greatest common factor of 119 and s?
17
Let p(a) = a - 9. Let x be p(12). Suppose 2*m + 46 = x*m. Suppose 2*r - 6 = 2*y + 130, -5*r + 346 = y. What is the greatest common divisor of m and r?
23
Let m(q) = -2*q**3 + 14*q**2 - 20*q + 197. Let n be m(7). What is the greatest common factor of n and 722?
19
Suppose 69*q - 76*q + 273 = 0. Suppose q = 2*d - 45. What is the greatest common divisor of d and 336?
42
Let a(x) = 4*x - 48. Let y be a(17). What is the greatest common factor of 240 and y?
20
Let b(p) = -2*p**2 + 7*p - 38. Let j be b(14). Let i = 404 + j. Calculate the highest common divisor of i and 16.
8
Let t(i) = 2*i**2 - 25*i - 150. Let s be t(18). What is the greatest common divisor of 11728 and s?
16
Let k be (-3)/(9/(-7797)) - (32 + -37). Calculate the greatest common factor of 28 and k.
28
Let v(w) = 121*w + 496. Let p be v(-4). What is the highest common divisor of p and 11244?
12
Suppose 5*c - 27545 = -5*w, 3*c - 4*w - 2941 - 13607 = 0. Calculate the highest common factor of c and 104.
104
Suppose -2*w - 384 = 7*w - 25*w. Calculate the highest common factor of w and 27.
3
Suppose -g - 3*n - 82 = 0, 198 = -3*g - 3*n - 24. Let i be (-2152)/22 + 2/(-11). Let a = g - i. What is the highest common divisor of a and 21?
7
Let n(t) = 14*t - 55. Let y be n(-26). Let v = y + 507. What is the greatest common divisor of 16 and v?
8
Suppose -4*x - 4*i = -524, -4 = 2*i + 2*i. Let y = x + -83. Suppose b - y = -3*u, -77 = -5*u + 3*b - 7*b. What is the greatest common divisor of 136 and u?
17
Let p be 10/(90/(-27)) - -873. Suppose 2*i + 18 = 22, p = 2*v - 5*i. Calculate the highest common divisor of 60 and v.
20
Let u = -425 - -430. Let z(h) = 4*h**3 - 7*h**2 - h. Let c be z(u). What is the greatest common divisor of 10 and c?
10
Suppose 34*w - 1420 + 835 - 1421 = 0. Calculate the greatest common factor of 62 and w.
1
Let k be 6641/(-13) - 70/455. Let m = k + 687. Calculate the highest common divisor of m and 16.
16
Suppose -6048 = -29*i - 223*i. Calculate the highest common divisor of 14952 and i.
24
Let l = -12 + 17. Suppose l*w = -2*n + 272, 2*n = -0*n + 5*w + 272. Suppose 153 = -184*r + 193*r. Calculate the greatest common divisor of n and r.
17
Let v(m) = 2*m**3 + 47*m**2 - 246*m - 8. Let l be v(-25). What is the greatest common factor of 68 and l?
17
Let x be 159/(-12)*-1 + (-2)/8. Let i(o) = 7*o - 80. Let m be i(x). Let w(l) = 2*l**2 + 5*l. Let h be w(-8). What is the highest common divisor of h and m?
11
Let v(n) = -206*n + 986. Let g be v(4). Calculate the greatest common divisor of g and 306.
18
Suppose -5*u + 2137 = 4*b, -4*b = -4*u + 1933 - 245. Calculate the greatest common divisor of u and 17.
17
Let v(d) = 27*d**2 - 13*d - 6. Let g be v(-4). Calculate the highest common factor of 2 and g.
2
Let m = -1803 - -1809. What is the greatest common factor of m and 334?
2
Suppose -1012221 = -780*v - 21621. Calculate the highest common divisor of v and 300.
10
Suppose -258366 = 2186*c - 2220*c. What is the highest common factor of 68 and c?
17
Let j = -17678 - -17702. What is the greatest common factor of 10 and j?
2
Let c = 16256 - 15879. Calculate the highest common divisor of c and 2233.
29
Suppose 3*m = 14*m - 88. Suppose -3240 = -3*u - 12*u. What is the highest common factor of m and u?
8
Suppose 4*y - 28 = -3*x - 8, -20 = x - 4*y. Suppose x = -15*z + 11*z - 4*l + 92, 2*z + 4*l = 44. Calculate the highest common factor of 408 and z.
24
Suppose 124 - 340 = -12*u. Let y(c) = c**3 - 4*c**2 + 3*c - 6. Let p be y(4). Calculate the highest common factor of u and p.
6
Suppose 5722 = 3*y - 4*m, 138*y - 4*m - 7636 = 134*y. What is the greatest common divisor of y and 29?
29
Let t = 95 + -75. Let z(s) = -t*s + 5*s**2 - 591 + 598 - 4*s**2. Let u be z(20). What is the highest common factor of u and 35?
7
Let f = 591 - 359. Let r = 29 - 0. Calculate the highest common factor of f and r.
29
Let s be (18 - (-390)/(-20))/(2/(-280)). What is the greatest common divisor of 896 and s?
14
Let r(m) = -72*m - 4454. Let b be r(-62). What is the greatest common divisor of 910 and b?
10
Let l = 662679 + -662404. Let v(j) = -8*j + 1. Let p be v(-3). Calculate the greatest common divisor of p and l.
25
Let h(x) = 6*x**2 - 3*x + 63. Let f be h(7). Calculate the highest common factor of f and 798.
42
Suppose 30*v - 25298 = 4*v. Suppose 3*u = -t + 1046, -v = -3*u + 4*t + 63. What is the highest common factor of 12 and u?
12
Suppose 3*t - 3 = 0, 4*t + 15 = f + 13. Calculate the highest common divisor of f and 6.
6
Suppose -3*w = -3*n + 1452 + 6, 4*n = 5*w + 1947. Calculate the highest common divisor of 357 and n.
21
Let a = 6 - 4. Let f be 13 + (4 - (a + 1)). Suppose 246*v - 2464 = 224*v. What is the highest common divisor of v and f?
14
Let s be (158/4 - 24)/((-2)/(-76)). What is the greatest common factor of s and 76?
19
Let q(i) = -11*i + 15. Let z be q(2). L